hat is the remainder when g is divided by t?
13
Let k = -29 - -40. Let o(q) = q**2 - 8*q - 8. Calculate the remainder when o(k) is divided by 7.
4
Let m(h) = 7*h. Let a be m(-6). Calculate the remainder when 13 is divided by 8/(-3)*a/28.
1
Let l(m) = m - 1. Let p(r) = 4*r - 26. Let d(w) = -5*l(w) + p(w). Let v be d(-15). What is the remainder when 792/20 - v/(-10) is divided by 8?
7
Let a be 0 - ((-3)/3)/((-2)/(-4)). Suppose -296 = -a*n - 2*n. Suppose 0 = 4*m + 2*v - 68, m + 5*v + 4 = 3. What is the remainder when n is divided by m?
17
Let a(n) = 35*n**2 + 7*n + 1. What is the remainder when 155 is divided by a(-1)?
10
Suppose -z = -0*z + 5, -2*z + 813 = u. What is the remainder when u is divided by 8?
7
Suppose -a - 108 = -3*h, h - 23 = 3*a + 5. What is the remainder when 184 is divided by h?
36
Let s(u) = -32*u**2 + 15. Let x = 5 + 6. What is the remainder when s(0) is divided by x?
4
Let y be 30/(-8) + 7/(-28). Let i = -4 + y. Let j(w) = -6*w + 1. What is the remainder when j(i) is divided by 17?
15
Suppose 13*g - 43 = 412. What is the remainder when g is divided by 13?
9
Let b(s) = -17*s + 451. What is the remainder when b(16) is divided by 26?
23
Suppose w = -l - 2*w - 15, -5*l = -3*w - 15. Suppose l*h - h = -24. Let b(n) = 12*n - 1. What is the remainder when b(6) is divided by h?
23
Suppose m = 4*v - 14, -1 = -4*m + 4*v - 33. Suppose -84 = 2*d + d. Let a = m - d. What is the remainder when a is divided by 8?
6
Let n(m) = -m**3 - 32*m + 3*m**2 + 4 + 4*m**2 + 14*m + 8*m. Calculate the remainder when n(5) is divided by (-19)/(-7) - (-2)/7.
1
Let m(f) = -f**2 - 17*f - 27. Let b be (2 - -1) + -7 + -3. Let r = -1 - b. Calculate the remainder when r is divided by m(-15).
0
Let v = -119 - -198. Let n = v - -3. Calculate the remainder when n is divided by 21.
19
What is the remainder when 1035 is divided by 14/2 - (-103 + 96)?
13
Let d be (-48)/20*-3*10. Suppose 2*r + 4*h - d = 0, 2*h - 112 = -3*r - 2*h. What is the remainder when 157 is divided by r?
37
Let n = 26 + -23. Suppose a = 2*v + 4*a - 47, 0 = -3*v + n*a + 33. Calculate the remainder when v is divided by 9.
7
Let q = 18 - 20. Calculate the remainder when ((-6)/(-9))/(q/(-237)) is divided by 27.
25
Suppose 11 - 3 = 2*g. Let l = -23 - -25. Suppose n + 37 = 3*r, -l*r + n + 18 = 2*n. Calculate the remainder when r is divided by g.
3
Suppose -4*m = -3*q - 5, 2*q = 4*q - 5*m + 8. Let s = q - 2. Let n = 1 - s. What is the remainder when 2 is divided by n?
0
Suppose 5*t - 5*y = 60, -5*t + 17 + 25 = y. What is the remainder when 21 is divided by t?
3
Let n(h) = 11 + 7*h**2 + 7*h - 27*h**3 + 16*h**3 + 10*h**3. Suppose 0 = 2*q + 3*q - 10. What is the remainder when n(8) is divided by q?
1
Suppose 5*r - 23 = -18. Suppose -3*v = -v + 2*o - 6, -5*o + 13 = 3*v. Calculate the remainder when r is divided by v.
0
Suppose k = 22*s - 26*s + 228, -285 = -5*s + k. What is the remainder when s is divided by 72/5 - (-54)/90?
12
Let u = -39 + 7. Suppose 0 = -w + 4*w - 9. What is the remainder when 14 is divided by w/(-2)*u/12?
2
Let x(g) = -205*g - 1142. Let p = 26 + -8. What is the remainder when x(-6) is divided by p?
16
Suppose 0 = 47*u - 9*u - 836. Suppose 5*k - 426 = i - 2*i, -5*i + 260 = 3*k. Calculate the remainder when k is divided by u.
19
Let r(f) = f**3 + 3*f**2 - 7*f + 2. Calculate the remainder when 179 is divided by r(-4).
11
Suppose -5*k + 4 = -6. Let v(z) = 17*z - 15. What is the remainder when 113 is divided by v(k)?
18
Let l(i) = 4*i**2 + 2*i - 17. Let a be l(5). Suppose -2*w = w - a. Calculate the remainder when w is divided by 17.
14
Let d(k) = -k**3 - 13*k**2 + 30*k + 2. Let o be d(-15). Let x = -154 - -215. Suppose -o*y + 7 + x = 0. Calculate the remainder when y is divided by 9.
7
Suppose d - 4*w + 82 = 0, 5*d - 4*w = 2*d - 246. Let u = d + 128. Calculate the remainder when u is divided by 16.
14
Suppose -100 = d - 11*d. Suppose -l + 22 = 2*a + 2, 5*l = d. Calculate the remainder when 25 is divided by a.
7
Let y(h) = -h**2 + h + 41. Let j be y(0). Let m = j - 23. Calculate the remainder when m is divided by 10.
8
Suppose -3*z = y - 288, 0 = -2*z + y + 15 + 177. Suppose 6*o = z + 42. Calculate the remainder when o is divided by 12.
11
Suppose -12 = -7*r + 3*r - 2*j, 5*r - 3*j = 26. Calculate the remainder when r is divided by 1.
0
Suppose 0 = -1094*k + 1099*k - 2815. Calculate the remainder when k is divided by 41.
30
Suppose -2*m + 4*m + 288 = 4*p, 5*p - 7*m = 369. What is the remainder when p is divided by 9?
8
Let o(c) = -c**2 + 21*c - 12. Calculate the remainder when 57 is divided by o(18).
15
Let t be 56/3*(-3)/(-2). Suppose t = 4*k + 12. Calculate the remainder when 18 is divided by k.
2
Calculate the remainder when 2*4/44 + (-350)/(-11) is divided by 2/(-4) - 35/(-2).
15
Suppose -10 = 5*m - 95. Let o(b) = -27*b + 17. What is the remainder when o(-1) is divided by m?
10
Let h(i) = i + 4. Let z(r) = 8*r + 10. Calculate the remainder when z(5) is divided by h(13).
16
Suppose -11*v = 20 - 350. Calculate the remainder when 41 is divided by v.
11
Let k(g) = 3*g + 13. Suppose 0 = p + 2*p - 2*p. Let s(m) = -m**3 + 6*m**2 + 4*m - 1. What is the remainder when s(6) is divided by k(p)?
10
Suppose 101 = 3*f - 4*w, -4*w - 132 = -0*f - 4*f. Calculate the remainder when 134 is divided by f.
10
Suppose -2*g = -4*w + 404, -3*w - 3*g = -26 - 259. Suppose -6*f + f - 2*p = -115, 0 = -5*f + p + 130. Calculate the remainder when w is divided by f.
24
Suppose 36 + 172 = 4*r. Suppose r = 3*d - 71. Calculate the remainder when d is divided by ((-21)/4)/((-33)/88).
13
Let a = 93 - 85. Let m(c) = 6*c**2 - 3*c - 13. What is the remainder when m(-4) is divided by a?
7
Let q = -304 - -362. What is the remainder when 984 is divided by q?
56
Suppose 0 = 13*d - 3115 - 486. What is the remainder when 280 is divided by d?
3
Let q be (1 - -2) + (2 - 0). Suppose -18 = -i + q*p, -23 = -3*i + 3*p + 79. What is the remainder when i is divided by 11?
5
Let t(f) = 12*f - 2*f - 33 - 3*f. Calculate the remainder when 91 is divided by t(8).
22
Suppose 0 = 13*u - 10*u - 63. Calculate the remainder when 629 is divided by u.
20
Suppose 13*a = 11*a + 202. Let v = a + -69. Calculate the remainder when 62 is divided by v.
30
Suppose -80 = -5*m + 45. Let v = -33 - -156. What is the remainder when v is divided by m?
23
Let d = 28 + 5. Let r = -23 - -28. Suppose -4*v = 4*i - 60, 4*v - 48 = -r*i + 29. Calculate the remainder when d is divided by i.
16
Suppose -29*q - 156 = -23*q. Let k = q - -39. What is the remainder when k is divided by 7?
6
Suppose 5*o + 2*a = 635, -2*o - 2*o + 505 = a. Suppose -f = -4*r + 2*r - 42, -5*r = -3*f + o. Calculate the remainder when f is divided by 22.
18
Suppose -106 + 356 = m. What is the remainder when m is divided by 17?
12
Suppose 2*z = -5*u + 1680, -4*u - 4*z = 38 - 1382. What is the remainder when u is divided by 115?
106
Suppose 0 = -2*j - 3*s + 205, -5*j + 7*s = 3*s - 570. What is the remainder when 30 is divided by -1*3 + j/10?
6
Suppose -5*f - 2 = -h + 11, 137 = 4*h - 3*f. Calculate the remainder when 224 is divided by h.
34
Suppose 9*g + 110 = 14*g. What is the remainder when 167 is divided by g?
13
Let j = -130 + 148. What is the remainder when 646 is divided by j?
16
Suppose -5*p = 5*c - 2035, 0 = -p - 5*c + 6*c + 417. What is the remainder when p is divided by 46?
44
Let z be 2*65/10*-1. Let r(b) = b**3 + 14*b**2 + 10*b - 25. Calculate the remainder when 109 is divided by r(z).
11
Let w be (-81)/(-36) + (-2)/8. Let f be (-2 + -5)*w/(-7). Suppose -6*i = -i + z - 94, -4*i = f*z - 80. Calculate the remainder when 33 is divided by i.
15
Let z(b) = 15*b**2 - 6*b + 10. Let i be z(2). Suppose -3*j = 2*a - i, -209 = -5*a - 5*j - 69. What is the remainder when 75 is divided by a?
23
Let z be (-137)/(-8) + 11/(-88). Let p(n) = n**3 - 16*n**2 - 13*n + 19. What is the remainder when p(z) is divided by 30?
27
What is the remainder when 1 + 7 + -6 + (1 - -68) is divided by 9?
8
Let l = 584 - -60. Calculate the remainder when l is divided by 24.
20
Let s be 2/4 - ((-15)/10 + 2). Suppose s = -2*z + 161 - 33. What is the remainder when z is divided by 22?
20
Suppose -2*o = 0, 2*o = -2*n + 474 + 398. What is the remainder when n is divided by 116?
88
Let u = -1372 - -1414. Suppose -3*g = -2*y - 47, -2*